 be the third derivative of -q**4/4 + 2*q**2. What is m(d)?
6
Let o(r) be the third derivative of r**5/60 + r**4/24 - 7*r**3/3 + 6*r**2. Let f(a) be the first derivative of o(a). Give f(-3).
-5
Let n be 12/((-2)/(-4) - -1). Let j = 261 - 266. Let s = j + n. Let u(h) = h**3 - 3*h**2 - h. Give u(s).
-3
Let p(i) = -6*i**2 - 6*i**3 + 7*i**3 + 2 + 6 + 9 - 8. Give p(5).
-16
Let v(n) = 7*n + 7. Let j(y) = 1. Let c(h) = 5*j(h) - v(h). Suppose -3*m + 4 = -m. Let b = m + -4. Give c(b).
12
Let l(p) = 6*p + 3. Let d = 6 + -9. Let f be 5*d/30*6. Calculate l(f).
-15
Suppose 25 = 10*y + 5. Let q(j) = 13*j + 11. Let c(a) = -7*a - 6. Let o(d) = 7*c(d) + 4*q(d). Calculate o(y).
8
Let o(i) = 5*i**2 - 8*i + 28. Let v(l) = -7*l**2 + 8*l - 31. Let c(x) = -4*o(x) - 3*v(x). Calculate c(-9).
-10
Let p(j) = j**3 + 6*j**2 - 9 + 17 - 10 - 7 - 9*j. Give p(-7).
5
Let i(y) = -22*y**2 + 9*y + 5. Let c(g) = -4*g**2 - g - 1. Let d(n) = -5*c(n) + i(n). What is d(8)?
-6
Let o be (6/5)/((-10)/(-25)). Suppose 4*g + o = 3*g. Let t be g/18 + 20/(-24). Let l(u) = 7*u - 1. Calculate l(t).
-8
Let a(b) = -b**3 + 5*b**2 + b - 2. Let f(g) = g - 1. Let u be f(5). Let l be (-14)/(-8) + 1/u. Suppose -3*w - l*w = -25. Calculate a(w).
3
Let o(j) be the third derivative of -j**4/12 + 17*j**3/6 + 16*j**2 + 9*j. Calculate o(-7).
31
Let y = -1837 - -1834. Let t(r) = 3*r**2 + 4*r + 2. What is t(y)?
17
Suppose -18 = -2*k - 0*k. Let z = 10 - 22. Let x = z + k. Let b(j) = -3*j - 2. Give b(x).
7
Let i(g) be the first derivative of 5*g**4/2 - g**3/3 - 1. Let t be 20/6*21/14. Let d be 2/8 + t/(-4). Calculate i(d).
-11
Let g(t) = -4*t. Let f(p) = p. Let k(c) = 8*f(c) + g(c). Suppose -32*j = -30*j - 4. Determine k(j).
8
Let b(n) = n**2 + n - 2*n**2 - 7*n + 6 + 13*n. Calculate b(8).
-2
Let k(n) = 12*n - 4. Let a = 1179 - 1176. Give k(a).
32
Let h = -189 + 191. Let r(i) = -i - 2. What is r(h)?
-4
Let c(h) = -5 - 533*h**3 - 16*h**2 + 1066*h**3 - 16*h - 534*h**3. Determine c(-15).
10
Let w = 117 + -109. Let y be 3 - ((-5 - 0) + w). Let g(n) = n**2 + 2. Calculate g(y).
2
Suppose 0 = -620*s + 639*s - 57. Let g(j) = -4*j**2 - 3*j. Determine g(s).
-45
Suppose 4*q + 3*h - 17 = 34, -4*h = -4*q + 16. Let j(v) = v**3 - 8*v**2 - 6*v - 9. What is j(q)?
18
Suppose -k = -4*o - 2*k - 23, -5*o - 3*k = 34. Let q be 0/(7/((-28)/(-8))). Let j(f) = 0 + q*f + 3 + 5*f - 2*f. Determine j(o).
-12
Let q(s) = -17*s**2 - 2*s + 1. Let u(z) = -4*z - 3 - 3*z + 6*z. Let j be u(-4). What is q(j)?
-18
Let q = 11 - 9. Let j = 4 - q. Let m(f) = 4 - 4*f**2 + 8*f + 5*f**2 + 0*f**j. Give m(-7).
-3
Suppose 26 = -k + 3*t + 9, -5*t + 35 = -3*k. Suppose -4*n = -12 - 0. Let s(q) = q**3 - 2*q**2 - 2*q**3 + 0*q**n - q + 3 - 3*q**2. Determine s(k).
8
Let l = 4 + -1. Let o(z) = -4*z**3 + z + 4*z**2 + 8*z**3 + 4 - 2*z**3 - z**l. Calculate o(-3).
10
Let q(c) = c - 3. Let f(s) = s**2 + 2*s + 6. Let l be f(0). Suppose 59 = -5*k + 3*v + l, 0 = -5*k - 4*v - 46. Let w be (-18)/(5/(k/4)). What is q(w)?
6
Let x(h) be the third derivative of h**7/840 + h**6/60 + h**5/20 + 5*h**4/24 + 7*h**3/3 - 6*h**2. Let o(v) be the first derivative of x(v). What is o(-5)?
0
Let p(f) = -f**2 + f + 4. Suppose 44*l - 8 = t + 45*l, -5*l - 4 = -4*t. Give p(t).
-16
Let p(q) = 2*q + 22. Let s(t) = -24*t - 327. Let g be s(-13). Calculate p(g).
-8
Let a(f) = -3*f. Suppose 0 = k - 3*o - 24, 1 = -3*k - 4*o + 8. Suppose 0 = k*j - 4*j - 25. Suppose -3*s = 2*s - j. Give a(s).
-3
Let c(k) = k**3 - 6*k**2 - 8*k + 5. Let z(h) = h**3 + 7*h**2 + 6*h. Let w be z(-6). Suppose 4*s + w*s - 8 = 4*q, -4*s + 33 = q. What is c(s)?
-2
Let g(v) be the third derivative of v**6/120 - 11*v**5/60 - 11*v**4/24 + 8*v**3/3 + 13*v**2 - v. Determine g(12).
28
Suppose 4*k + 69 = -27. Let o = -19 - k. Let w(d) = -d**3 + 6*d**2 - 7*d + 5. Calculate w(o).
-5
Let n = -925 + 931. Let u(v) = v**3 - 7*v**2 + 4*v + 2. Determine u(n).
-10
Suppose -3*c - z + 7 = 0, 26 = -c - 2*z + 35. Let q(f) be the second derivative of -f**5/4 - f**3/3 + f**2/2 - f. Calculate q(c).
-6
Let q(u) = u**2 + 4*u - 5. Suppose 13*o - 2 = -j + 12*o, 0 = -3*j + 2*o - 4. Give q(j).
-5
Let p(j) = 4*j**2 - 5*j**2 - 112443*j - 7 + 112450*j. Suppose 5*w - 6 - 29 = 0. Give p(w).
-7
Let w(b) = b. Let m(n) = -5*n. Let z(f) = -6*m(f) - 33*w(f). Suppose -3*i - 9 = 2*h, -3*i + 5*h + 10 = -2. Determine z(i).
3
Let t(l) = -12*l + 1. Let r(z) = z. Let k = -69 - -68. Let b(f) = f + 4. Let d be b(-5). Let y(g) = d*t(g) + k*r(g). Calculate y(-1).
-12
Suppose 2 + 0 = h. Suppose 0 = h*k - 3*k + 7. Let t = 6 - k. Let j(b) = -b - 1. Determine j(t).
0
Let j(d) = -326*d**3 + d - 2*d + 2*d + 2*d**2 + 332*d**3. Suppose 3*x = -4*s + 14 - 3, -s - 4 = 3*x. Let p = x - -2. Determine j(p).
-5
Let q(u) = -34*u**2 + 16*u - 8. Let a(g) = 29*g**2 - 14*g + 7. Let c(k) = 7*a(k) + 6*q(k). Suppose 5*l + 4 = -6. What is c(l)?
1
Suppose 3*s = -a + 5 + 4, 4*a - 18 = -3*s. Let q(z) = 2*z - s*z - 2*z + z. Suppose -p + 5*p = 0. What is q(p)?
0
Let z(r) = -2*r**3 + 7*r**2 - 13*r - 18. Let t(k) = -5*k**3 + 13*k**2 - 26*k - 37. Let y(n) = -3*t(n) + 7*z(n). Determine y(-11).
7
Let u be (96/(-72))/(8/18). Let l(q) = -q**3 - 4*q**2 - q - 4. Give l(u).
-10
Suppose -8*x + 67*x = -177. Let a(u) = -9*u**2 - u + 3. Determine a(x).
-75
Let d(o) = o - 11. Let b = 137 + -79. Let t be (-86)/(-10) - b/(-145). Calculate d(t).
-2
Let b(y) = -y**3 + 5*y**2 - 2*y - 5. Let h be b(4). Suppose -h*j + 4*t + 17 = -0*j, 4*j = -4*t + 4. Suppose j*m = -m - 12. Let q(w) = w + 2. Determine q(m).
-1
Let g(q) be the first derivative of q**4/4 - 4*q**3/3 - 2*q + 6. Suppose 0 = -p - 4*w + 4, 17*p - 12*p - 5*w = 20. What is g(p)?
-2
Let z(b) = 4*b**3 - 1. Suppose 0 = 11*g - 9*g - 44. Suppose 2*d + j - 5*j = g, 4*d - j - 9 = 0. Calculate z(d).
3
Let o(y) be the second derivative of y**4/4 - y**3/6 + 11*y**2/2 - 8*y. Let i(p) be the first derivative of o(p). Let l(s) = s - 1. Let q be l(0). Give i(q).
-7
Let n(d) = 2*d + 11. Let a = 1286 + -1288. Determine n(a).
7
Let b(i) = i**3 - i**2 - i - 2. Let v = -5 - -5. Let w be ((v/1)/(-2))/1. Give b(w).
-2
Let g(o) = 3*o**2 - 12*o + 17. Let x(z) = 16*z**2 - 61*z + 86. Let t(u) = -11*g(u) + 2*x(u). Determine t(10).
-15
Let o(t) be the second derivative of t**7/840 + t**6/720 - t**5/120 + t**4/2 - 12*t. Let x(a) be the third derivative of o(a). Determine x(1).
3
Let j(t) = -55*t - 3*t**2 + 40*t + t**2 - 2. Let r(x) = x**2 + 7*x + 1. Let y(h) = -6*j(h) - 13*r(h). Suppose -g = -5, g + 25 = -3*d + 6*g. Determine y(d).
-1
Let a be (14/21)/(3*(-3)/(-54)). Let o(r) = -3 - a*r**3 - 5*r - 5*r**3 + 12*r**3 - 2*r**3 - 4*r**2. Give o(5).
-3
Let g(a) = -5*a + 8. Suppose -2*s + 9*p = 7*p + 8, 3*s = -3*p - 36. Give g(s).
48
Let q(o) be the first derivative of -3*o**2/2 + o + 170. Give q(0).
1
Let w(f) = -2*f**2 + f - 1. Let l(q) = 11*q**2 - 10*q - 2. Let m(a) = l(a) + 6*w(a). What is m(-6)?
-20
Let u(c) = -c**3 - 5*c**2 - 2*c - 1. Let j = 163 + -168. Determine u(j).
9
Let v(p) = -p**2 - 1. Let u = 34 + -31. Let g be 1/u - 49/21. Calculate v(g).
-5
Let t(u) = 6 - 12 + 3 + 1 + 4 - u. Calculate t(-11).
13
Let b(s) = 3*s - 6. Let w be b(2). Suppose w = -2*a - 2*u + 8, 5*u + 10 + 6 = 4*a. Let n(y) = -y**2 + 2*y - 5. Determine n(a).
-13
Suppose -2*t - o = -113, -3*o = 4*t - 5*o - 214. Suppose t + 25 = 2*w. Let c(s) = 40 - w + s. Determine c(1).
1
Let v = -5 - -12. Let a(w) = w - 9. Let y(g) = -5*g + 42. Let i(h) = 4*a(h) + y(h). Give i(v).
-1
Let z(n) = -4*n + 30. Suppose -5*x - 5*j + 35 = 0, 4*j + 0 = -8. Calculate z(x).
-6
Let f(m) = m - 5. Let n = 79 + -118. Let q = 46 + n. What is f(q)?
2
Let d(o) = o**2 + 5*o - 2. Let s(h) = 14*h. Let c be s(1). Suppose -3*k = c + 1. Let t be (k - 0) + -4 + 5. What is d(t)?
-6
Let j(h) = -86*h - 4 + 7 + 89*h. Let t be 6/4*(-12)/9. Calculate j(t).
-3
Suppose -7*n + 9*n = 3*b + 42, n - 26 = 4*b. Let f(o) = -23*o + 2 + o + n*o. Determine f(-4).
18
Let y(b) = b**3 - 2*b**2 + 11*b - 19. Let d be y(2). Let n(h) be the second derivative of -3*h - 5/6*h**d + 0 + 1/12*h**4 - 1/2*h**2. Give n(6).
5
Let n(c) = c - 6. Suppose 89 = 4*d + 397. Let t = -77 - d. Calculate n(t).
-6
Let j(r) be the first derivative of -2*r**4 + r**3/3 + r**2/2 + r - 68. Determine j(-1).
9
Let p(s) = 11 + 36*s - 32*s - 1 + 4 + 3. Determine p(-5).
-3
Let r(s) = 2*s**3 + 8*s**2 + 10*s - 1. Let m be r(